at is -2 - (7 + -14 + 1)?
4
Calculate -2 - 1 - (0 - -4 - 12).
5
10 - ((-12 - -10) + 2 + 6)
4
What is -1 + 1 + -7 + (14 - 11)?
-4
What is the value of 12 + -21 + 10 - -7?
8
Calculate -2 + 13 - 2 - 4.
5
What is the value of -15 + -5 + 9 + 4?
-7
Evaluate -9 - 1 - -21 - 18.
-7
Calculate 1 - 3 - -4 - 7.
-5
What is -4 + (4 - 3 - 1) + 4?
0
Evaluate 1 - (0 + 1 - 3).
3
What is the value of -1 + (2 - 6) + (5 - 4)?
-4
What is 6 + (5 + 9 + -26 - 4)?
-10
What is -2 + 4 + 0 + -7 - -2?
-3
What is 1 - 0 - (-6 - -12)?
-5
What is the value of 5 - (1 - (-3 + 5))?
6
Evaluate (17 - 15) + 1 + (3 - 9).
-3
Calculate 17 + -21 - (1 - 2).
-3
(-1 - 4) + -6 + (-10 - -25)
4
What is the value of (-33 - -31) + 1 + 1 - -5?
5
Evaluate 1 - 9 - (29 + -29).
-8
Calculate 3 - (-3 + 2 - -1).
3
18 + -17 - (-1 + 0 + -3)
5
Evaluate 1 + 0 - (62 + -63).
2
Evaluate -25 - -32 - (-1 + -1) - 5.
4
Calculate (-3 - -2) + (-12 - -8) - -2.
-3
Evaluate (0 - (11 - (3 - 0))) + 0.
-8
8 + (-9 + -7 - -6)
-2
Evaluate -4 + (-8 - (3 - 14)).
-1
Calculate (10 - (24 - 3)) + 8.
-3
What is the value of 4 + (7 - 7) + -3?
1
-17 - -14 - (-10 + 2)
5
Calculate (-27 - -27) + -4 + 1.
-3
Calculate 4 + 9 + -6 + -7.
0
What is the value of -5 + 7 - (4 + (3 - 10))?
5
What is 0 + (4 - 1) + -4?
-1
Calculate -3 + (-1 - (2 + -10 - -1)).
3
What is the value of -1 + -1 - (-7 - (0 - 8))?
-3
Calculate -3 - (-1 + -4 + 2).
0
(5 - -1) + (0 - 1)
5
Evaluate 1 - 0 - (-6 - -7).
0
What is the value of 2 + 1 - (20 + -9 + -12)?
4
(1 - 4 - (-19 - -21)) + 7
2
Calculate (14 - 27) + 8 + -1.
-6
Evaluate 9 + (2 - -7 - 10).
8
Calculate (33 - 14) + -20 - (5 - 0).
-6
(0 - -3) + (-3 - -2 - -2)
4
Calculate (-4 - (-3 - -2)) + 8 + -5.
0
Evaluate 0 + -5 + (6 - 3) - 1.
-3
What is (0 + -6 - (-13 + 2)) + 0?
5
Evaluate 1 - 0 - (-5 + 3).
3
Calculate 1 + 0 - (-8 + 13).
-4
-48 + 47 + 7 + (-4 - -2)
4
What is the value of -12 + -8 + 11 + 9?
0
Evaluate 1 + (-4 + 0 - (-1 - 5)).
3
Evaluate -15 + 0 - (-10 - -2).
-7
Calculate 1 - (-2 + -1) - (3 + 2).
-1
What is the value of 2 + -5 + (11 - 16) + 11?
3
Evaluate 0 + (-1 - -2 - -2).
3
Calculate -3 - 0 - -8 - (7 - 3).
1
What is 0 + (-9 - 2 - -6)?
-5
What is the value of 2 + -3 - (-3 + 1)?
1
Calculate (1 - (-2 - -2)) + -9 - -3.
-5
Calculate 0 - ((7 - -1) + -5).
-3
What is -1 + (-6 - -2 - 0)?
-5
What is (-4 - -6) + 2 + (-2 - -2)?
4
What is the value of -1 + 6 + -7 + -2?
-4
Calculate 17 + -14 + (-1 - -2).
4
Evaluate -4 + 1 + -1 + -1 + 7.
2
What is (2 - (5 + -5)) + -10 - -5?
-3
What is 1 + -6 - (-2 + -2 + 4)?
-5
What is the value of 7 + (9 - 16) - -4?
4
Calculate 1 - 4 - (-1 + -1).
-1
What is the value of -1 - (4 - 0 - 3)?
-2
Evaluate (-4 - (4 - 7)) + -2 - 1.
-4
0 + (-2 + 10 + -3 - 3)
2
Evaluate (3 - (2 - -5)) + 8.
4
What is the value of -7 - -5 - (2 + (-2 - 1))?
-1
Evaluate -2 + 10 + 5 + 4 + -16.
1
-14 - -1 - (1 + -10)
-4
What is -4 + 0 + (3 - 1)?
-2
What is the value of 10 - (-3 + 1 + 3 - -4)?
5
Calculate 0 - (-1 + 0 + 1).
0
Evaluate 4 + (-12 - -3) - 0.
-5
Calculate 116 - 113 - (-5 + 1).
7
-3 + (2 - 0) + (-1 - 1)
-3
Calculate -18 + 15 + -2 + 9 + -4.
0
What is (-4 - (-12 + 7 + 2)) + 4?
3
Evaluate 2 - ((-47 - -51) + (-1 - 4)).
3
What is 5 + (-4 - (5 + -11 - 0))?
7
What is -5 + 5 + 5 + -5?
0
-7 + 3 + 12 - 1
7
What is the value of 11 + -6 + -1 + 3 + 3?
10
What is the value of (1 - 0) + -11 + 310 + -305?
-5
Calculate -1 + (-8 - -5 - -2).
-2
What is -3 + 0 + (2 + -7 - -9)?
1
What is 0 + (0 - ((-7 - -2) + 9))?
-4
Calculate -1 + 2 + (5 - (-6 - -13)).
-1
Evaluate (0 - -12) + -9 + -4.
-1
Evaluate -3 - 3 - (-6 - -5).
-5
4 - ((-3 - -9) + -3)
1
Evaluate (2 - -2) + -14 + 4.
-6
What is the value of 4 - ((-2 - 4) + 5)?
5
Evaluate -2 + -5 + 4 + 4 + 6.
7
Calculate 2 - ((0 - 1) + 6).
-3
Calculate -3 + -1 + -4 + 6.
-2
Evaluate -2 + -1 - (-5 + -3 + 4).
1
Calculate 13 - 16 - (-1 + -1 - 6).
5
What is 0 + -6 - (-8 - -7)?
-5
Calculate 5 + -15 + (9 - 7).
-8
3 + -4 + -13 + 20 - -2
8
What is -3 - (5 + -10 + -1 + 6)?
-3
52 - 49 - (-1 + 6)
-2
What is the value of 10 - (12 + -7) - (-2 + 10)?
-3
Evaluate (6 - (11 - 1)) + 5 + -5.
-4
Evaluate 1 - (1 - -2) - (14 + -17).
1
Calculate (-1 - -3) + 3 + -5 + 2.
2
What is -6 - (-17 + 16 - (-6 - 0))?
-11
-1 + -7 - (10 + -15)
-3
Calculate 0 + (-1 - 1) + -1 + 5.
2
What is the value of -2 + (7 + -5 - -3)?
3
-6 + (1 - (4 + -5))
-4
What is the value of 2 - 2 - -3 - (105 + -101)?
-1
(14 - 5) + 1 - (7 - -1)
2
What is the value of 6 + (-6 - -3) - 5?
-2
4 + (-3 - -5) + -3
3
Calculate 11 + -10 - (1 - 6).
6
Evaluate (-2 - -2 - 4) + 4.
0
What is -7 + 15 + -3 + 2 + 0?
7
Calculate -1 + 9 - (-4 + 0 + 8).
4
What is the value of -7 + 6 + (-5 - (0 - 1))?
-5
(-4 - 0) + (6 - 6) + 1
-3
Evaluate -3 - ((-3 - -9) + -5).
-4
10 + 1 - (-68 + 85)
-6
What is the value of -37 - -39 - (0 + 2 + -1)?
1
(-3 - (4 + -3)) + 6 - -3
5
Evaluate (-9 - (0 + -5)) + (0 - -9).
5
What is the value of -2 - (5 + 0 - 9) - 4?
-2
Calculate 6 - 10 - (-7 - 1).
4
Calculate -80 + 86 + (-13 - -1).
-6
What is 4 + 1 + -13 + (5 - 2)?
-5
Calculate 0 + ((7 - 6) + 8 - 8).
1
2 - (-4 + 7 + 2)
-3
Evaluate -2 - ((9 - 24) + 9).
4
Evaluate -6 + 0 + (-21 - -29).
2
Evaluate (3 - (0 - 3)) + -8.
-2
-2 + 1 - ((18 - 9) + -8)
-2
8 + (5 - (5 + 9) - -5)
4
Calculate (2 - (-1 + 7)) + 16 + -11.
1
-7 - -4 - (1 + -2)
-2
What is the value of -2 + -1 + (2 - (3 + 2))?
-6
(-4 - ((2 - 14) + 2)) + -14
-8
-3 + 4 + -8 + 2
-5
Calculate -1 + 0 - (9 + -7).
-3
(-20 - -18) + 5 - (1 + 5)
-3
Calculate -3 - (2 - (8 - 1)) - 4.
-2
Calculate 1 - 15 - (1 - 9).
-6
Calculate -3 - (-15 - (-9 - -2)).
5
What is the value of 2 - ((-10 - -1) + 7)?
4
What is 1 + (3 - -2 - 4) - -3?
5
What is the value of 4 + (12 - 13) + (2 - 0)?
5
What is the value of 14 - (-2 + 14 + -2)?
4
(-5 - -1) + (-8 - (12 - 25))
1
What is 4 + (13 - 11 - (2 + 1))?
3
Calculate 39 - 25 - (10 + 0).
4
What is the value of (4 - (5 + -1)) + (-2 - -1)?
-1
Evaluate 2 - 3 - (0 + -4 - -3).
0
What is 8 - 1 - (15 + -5)?
-3
Calculate -13 + 11 - (1 + -4).
1
Evaluate (15 - 3) + -32 + 11.
-9
-6 + (5 - -1) - (-7 - -7)
0
What is the value of (6 - 2) + -3 + 1 - 4?
-2
5 - (2 + -1 + (3 - 0))
1
Evaluate -7 + 4 + -5 + 4 + 2.
-2
Calculate (6 - (-2 - 1)) + -5 - 6.
-2
What is the value of 4 + 9 + -5 + -4 + -3?
1
-4 - 6 - (0 - 2) - -3
-5
-2 - 0 - (-13 - -10) - -5
6
Evaluate 0 - (6 - 9 - -7 - 8).
4
Evaluate 2 - (4 - 2 - -2).
-2
-6 - (4 - (0 - (2 + -9)))
-3
Evaluate -7 - (-7 + 5 + -7).
2
What is the value of 1 - 7 - (-14 + 7)?
1
Calculate (1 - 0) + (2 - 0).
3
What is 2 - 1 - 1 - (7 + -3)?
-4
What is the value of -10 + (2 - -9 - 9)?
-8
What is the value of 5 - -6 - (2 + 4)?
5
Calculate (4 - 3) + 4 - 2.
3
3 + (-2 + 6 + 1 - 1)
7
Calculate 3 - (-14 - (10 - 18)).
9
-2 + (4 + 1 - 4)
-1
Calculate -9 + 5 + -4 + 4.
-4
What is (55 - 55) + (1 - (-6 + 1))?
6
Evaluate (6 + 0 - (-10 - -21)) + 4.
-1
-11 + 16 + 5 + -9
1
Calculate 2 - ((-3 + -1 - -7) + 3).
-4
What is the value of (0 - -2) + 3 - 8 - -9?
6
(10 - (-2 + 7)) + -4
1
(-13 - 0) + (29 - 12)
4
Calculate 3 + 11 + -14 + -1.
-1
What is 245 + -241 + -4 + 1?
1
What is 4 + (-10 - (-4 + 5)) + 2?
-5
What is 7 - (-2 + -3 + 13)?
-1
What is -4 + 2 + -1 + 7?
4
Calculate -1 + 0 + 8 + 0 + -4.
3
Evaluate -5 - (5 - (3 + -3 + 5)).
-5
3 - (4 + -1 + 3 + 4)
-7
Evaluate 2 + (0 - 1) + 0 + 3.
4
0 + (2 - 5) + 3
0
Evaluate 3 + 3 - (7 + -6 + -1).
6
What is the value of -3 + (4 - 3) + 8 - 6?
0
What is -1 - -5 - 6 - -3?
1
What is the value of -55 + 48 + (4 - (0 - -1))?
-4
Calculate 0 - -2 - 3 - (2 + -6).
3
What is the value of -14 - (2 + -15) - (0 - 0)?
-1
Evaluate 1 + 0 + -6 + 7 + -5.
-3
What is the value of -2 + -1 + -4 + 4?
-3
Calculate -1 - (2 + 4 + -6).
-1
What is the value of 4 - (5 + -2) - (5 + 0)?
-4
What is the value of -1 - (2 + -5 + -7 - -3)?
6
What is the value of -3 - 0 - (1 - 1)?
-3
What is the value of 8 + 10 + -8 + -8?
2
Calculate -1 - 2 - -5 - 4.
-2
What is the value of -2 - (-10 + 1 + 0) - 4?
3
6 + -1 - (3 - 3)
5
What is the value of 0 + -7 + (12 + -5 - 5)?
-5
Calculate 2 + (-4 - (0 + 0) - -2).
0
What is (0 - -8) + -12 + -1 + 5?
0
Calculate 9 - (12 - (-12 + 15)).
0
Calculate 10 - 16 - (-7 - -2) - -2.
1
Evaluate (1 - (5 - 4 - -3)) + 1.
-2
11 + 6 + (13 - 26)
4
Calculate -10 - -5 - (1 - -1 - 2).
-5
What is -1 - (-3 - (-2 + -3))?
-3
What is -4 + (-1 - 4) - (3 + -7)?
-5
Calculate 5 - (-1 + -2 + 2 + 3).
3
What is the value of -1 + 4 + -4 + 3 + -7?
-5
